{"id":59,"date":"2020-09-16T05:16:41","date_gmt":"2020-09-16T05:16:41","guid":{"rendered":"https:\/\/site.bistec.com.br\/vestuario\/about\/"},"modified":"2024-03-28T16:30:57","modified_gmt":"2024-03-28T19:30:57","slug":"about","status":"publish","type":"page","link":"https:\/\/site.bistec.com.br\/vestuario\/about\/","title":{"rendered":"Sobre"},"content":{"rendered":"<div class=\"wp-block-uagb-container uagb-block-1b3539fb alignfull uagb-is-root-container\"><div class=\"uagb-container-inner-blocks-wrap\"><div class=\"wp-block-uagb-advanced-heading uagb-block-1e9f933f\"><h1 class=\"uagb-heading-text\">Sobre n\u00f3s<\/h1><\/div><\/div><\/div><div class=\"wp-block-uagb-container uagb-block-70ab62c4 alignfull uagb-is-root-container\"><div class=\"wp-block-uagb-container uagb-block-96a25b33\"><div class=\"wp-block-uagb-container uagb-block-3e6a663b\"><div class=\"wp-block-uagb-separator uagb-block-98ab698d\"><div class=\"wp-block-uagb-separator__inner\" style=\"--my-background-image:\"><\/div><\/div>\n\n<div class=\"wp-block-uagb-info-box uagb-block-97559115 uagb-infobox__content-wrap  uagb-infobox-icon-above-title uagb-infobox-image-valign-top\"><div class=\"uagb-ifb-content\"><div class=\"uagb-ifb-title-wrap\"><h2 class=\"uagb-ifb-title\">Quem somos<\/h2><\/div><p class=\"uagb-ifb-desc\">A&nbsp;Estilo \u00danico&nbsp;\u00e9 uma loja de moda masculina que est\u00e1 presente no mercado de varejo online desde&nbsp;2014. Nosso compromisso \u00e9 vestir homens  com&nbsp;<strong>eleg\u00e2ncia<\/strong>,&nbsp;<strong>confian\u00e7a<\/strong>&nbsp;e&nbsp;<strong>qualidade<\/strong>&nbsp;em todas as ocasi\u00f5es<\/p><\/div><\/div><\/div>\n\n<div class=\"wp-block-uagb-container uagb-block-b618de3c\"><\/div><\/div><\/div><div class=\"wp-block-uagb-container uag-hide-mob uagb-block-c21e87fc default uagb-is-root-container\"><div class=\"wp-block-uagb-info-box uagb-block-3a2a356e uagb-infobox__content-wrap  uagb-infobox-icon-above-title uagb-infobox-image-valign-top uag-hide-mob\"><div class=\"uagb-ifb-content\"><div class=\"uagb-ifb-separator\"><\/div><div class=\"uagb-ifb-title-wrap\"><h2 class=\"uagb-ifb-title\">Nosso time<\/h2><\/div><p class=\"uagb-ifb-desc\">Na&nbsp;Estilo \u00danico, nosso time \u00e9 a ess\u00eancia do nosso sucesso. Com profissionais dedicados e apaixonados pela moda masculina, trabalhamos juntos para oferecer a voc\u00ea a melhor experi\u00eancia de compra. Conhe\u00e7a alguns dos membros do nosso time:<\/p><\/div><\/div>\n\n<div class=\"wp-block-uagb-container uag-hide-mob uagb-block-23e83ab6\"><div class=\"wp-block-uagb-container uagb-block-b6875f19\"><div class=\"wp-block-uagb-info-box uagb-block-5407d535 uagb-infobox__content-wrap  uagb-infobox-icon-above-title uagb-infobox-image-valign-top\"><div class=\"uagb-ifb-content\"><div class=\"uagb-ifb-image-content\"><img loading=\"lazy\" decoding=\"async\" src=\"https:\/\/site.bistec.com.br\/vestuario\/wp-content\/uploads\/2020\/09\/team2-free-img.png\" alt=\"\" width=\"92\" height=\"92\" loading=\"lazy\"\/><\/div><div class=\"uagb-ifb-title-wrap\"><h4 class=\"uagb-ifb-title\"><strong>Carlos Silva<\/strong><\/h4><\/div><p class=\"uagb-ifb-desc\">Fundador \u2013 CEO<\/p><\/div><\/div><\/div>\n\n<div class=\"wp-block-uagb-container uagb-block-1e3a906c\"><div class=\"wp-block-uagb-info-box uagb-block-c5a46b09 uagb-infobox__content-wrap  uagb-infobox-icon-above-title uagb-infobox-image-valign-top\"><div class=\"uagb-ifb-content\"><div class=\"uagb-ifb-image-content\"><img loading=\"lazy\" decoding=\"async\" src=\"https:\/\/site.bistec.com.br\/vestuario\/wp-content\/uploads\/2020\/09\/team1-free-img.png\" alt=\"\" width=\"92\" height=\"92\" loading=\"lazy\"\/><\/div><div class=\"uagb-ifb-title-wrap\"><h4 class=\"uagb-ifb-title\"><strong>Ana Rodrigues<\/strong><\/h4><\/div><p class=\"uagb-ifb-desc\">COO<\/p><\/div><\/div><\/div>\n\n<div class=\"wp-block-uagb-container uagb-block-bdee2edf\"><div class=\"wp-block-uagb-info-box uagb-block-3bdcb1d3 uagb-infobox__content-wrap  uagb-infobox-icon-above-title uagb-infobox-image-valign-top\"><div class=\"uagb-ifb-content\"><div class=\"uagb-ifb-image-content\"><img loading=\"lazy\" decoding=\"async\" src=\"https:\/\/site.bistec.com.br\/vestuario\/wp-content\/uploads\/2020\/09\/team3-free-img.png\" alt=\"\" width=\"92\" height=\"92\" loading=\"lazy\"\/><\/div><div class=\"uagb-ifb-title-wrap\"><h4 class=\"uagb-ifb-title\"><strong>Rafaela Santos<\/strong><\/h4><\/div><p class=\"uagb-ifb-desc\">Diretor de Marketing<\/p><\/div><\/div><\/div><\/div>\n\n<div class=\"wp-block-uagb-container uag-hide-mob uagb-block-b670bfb8\"><div class=\"wp-block-uagb-container uagb-block-dfa32f33\"><div class=\"wp-block-uagb-info-box uagb-block-381fdbfb uagb-infobox__content-wrap  uagb-infobox-icon-above-title uagb-infobox-image-valign-top\"><div class=\"uagb-ifb-content\"><div class=\"uagb-ifb-image-content\"><img loading=\"lazy\" decoding=\"async\" src=\"https:\/\/site.bistec.com.br\/vestuario\/wp-content\/uploads\/2020\/09\/team4free-img.png\" alt=\"\" width=\"92\" height=\"92\" loading=\"lazy\"\/><\/div><div class=\"uagb-ifb-title-wrap\"><h4 class=\"uagb-ifb-title\"><strong>Pedro Oliveira<\/strong><\/h4><\/div><p class=\"uagb-ifb-desc\">Gerente de Marketing<\/p><\/div><\/div><\/div>\n\n<div class=\"wp-block-uagb-container uagb-block-a7a2db07\"><div class=\"wp-block-uagb-info-box uagb-block-b83d9d70 uagb-infobox__content-wrap  uagb-infobox-icon-above-title uagb-infobox-image-valign-top\"><div class=\"uagb-ifb-content\"><div class=\"uagb-ifb-image-content\"><img loading=\"lazy\" decoding=\"async\" src=\"https:\/\/site.bistec.com.br\/vestuario\/wp-content\/uploads\/2020\/09\/team5-free-img.png\" alt=\"\" width=\"92\" height=\"92\" loading=\"lazy\"\/><\/div><div class=\"uagb-ifb-title-wrap\"><h4 class=\"uagb-ifb-title\"><strong>Isabela Costa<\/strong><\/h4><\/div><p class=\"uagb-ifb-desc\">Designer interno<\/p><\/div><\/div><\/div>\n\n<div class=\"wp-block-uagb-container uagb-block-ef74641b\"><div class=\"wp-block-uagb-info-box uagb-block-487481f2 uagb-infobox__content-wrap  uagb-infobox-icon-above-title uagb-infobox-image-valign-top\"><div class=\"uagb-ifb-content\"><div class=\"uagb-ifb-image-content\"><img loading=\"lazy\" decoding=\"async\" src=\"https:\/\/site.bistec.com.br\/vestuario\/wp-content\/uploads\/2020\/09\/team6-free-img.png\" alt=\"\" width=\"92\" height=\"92\" loading=\"lazy\"\/><\/div><div class=\"uagb-ifb-title-wrap\"><h4 class=\"uagb-ifb-title\">Mike Ross<\/h4><\/div><p class=\"uagb-ifb-desc\"> Designer interno<\/p><\/div><\/div><\/div><\/div><\/div><div class=\"wp-block-uagb-container uagb-block-c905cc36 alignfull uagb-is-root-container\"><div class=\"uagb-container-inner-blocks-wrap\"><div class=\"wp-block-uagb-container uagb-block-b400cc24\"><div class=\"wp-block-uagb-info-box uagb-block-f948c7b8 uagb-infobox__content-wrap  uagb-infobox-icon-above-title uagb-infobox-image-valign-top\"><div class=\"uagb-ifb-content\"><div class=\"uagb-ifb-title-wrap\"><div class=\"uagb-ifb-separator\"><\/div><h2 class=\"uagb-ifb-title\">Siga-nos<\/h2><\/div><\/div><\/div>\n\n<div class=\"wp-block-uagb-social-share uagb-social-share__outer-wrap uagb-social-share__layout-horizontal uagb-block-b80ea331\"><div class=\"wp-block-uagb-social-share-child uagb-ss-repeater uagb-ss__wrapper uagb-block-1fc986a2\"><span class=\"uagb-ss__link\" data-href=\"https:\/\/www.facebook.com\/sharer.php?u=\" tabindex=\"0\" role=\"button\" aria-label=\"facebook\"><span class=\"uagb-ss__source-wrap\"><span class=\"uagb-ss__source-icon\"><svg xmlns=\"https:\/\/www.w3.org\/2000\/svg\" viewBox=\"0 0 320 512\"><path d=\"M279.1 288l14.22-92.66h-88.91v-60.13c0-25.35 12.42-50.06 52.24-50.06h40.42V6.26S260.4 0 225.4 0c-73.22 0-121.1 44.38-121.1 124.7v70.62H22.89V288h81.39v224h100.2V288z\"><\/path><\/svg><\/span><\/span><\/span><\/div>\n\n<div class=\"wp-block-uagb-social-share-child uagb-ss-repeater uagb-ss__wrapper uagb-block-28a748b3\"><span class=\"uagb-ss__link\" data-href=\"https:\/\/twitter.com\/share?url=\" tabindex=\"0\" role=\"button\" aria-label=\"twitter\"><span class=\"uagb-ss__source-wrap\"><span class=\"uagb-ss__source-icon\"><svg xmlns=\"https:\/\/www.w3.org\/2000\/svg\" viewBox=\"0 0 512 512\"><path d=\"M459.4 151.7c.325 4.548 .325 9.097 .325 13.65 0 138.7-105.6 298.6-298.6 298.6-59.45 0-114.7-17.22-161.1-47.11 8.447 .974 16.57 1.299 25.34 1.299 49.06 0 94.21-16.57 130.3-44.83-46.13-.975-84.79-31.19-98.11-72.77 6.498 .974 12.99 1.624 19.82 1.624 9.421 0 18.84-1.3 27.61-3.573-48.08-9.747-84.14-51.98-84.14-102.1v-1.299c13.97 7.797 30.21 12.67 47.43 13.32-28.26-18.84-46.78-51.01-46.78-87.39 0-19.49 5.197-37.36 14.29-52.95 51.65 63.67 129.3 105.3 216.4 109.8-1.624-7.797-2.599-15.92-2.599-24.04 0-57.83 46.78-104.9 104.9-104.9 30.21 0 57.5 12.67 76.67 33.14 23.72-4.548 46.46-13.32 66.6-25.34-7.798 24.37-24.37 44.83-46.13 57.83 21.12-2.273 41.58-8.122 60.43-16.24-14.29 20.79-32.16 39.31-52.63 54.25z\"><\/path><\/svg><\/span><\/span><\/span><\/div>\n\n<div class=\"wp-block-uagb-social-share-child uagb-ss-repeater uagb-ss__wrapper uagb-block-93f76d47\"><span class=\"uagb-ss__link\" data-href=\"https:\/\/pinterest.com\/pin\/create\/link\/?url=\" tabindex=\"0\" role=\"button\" aria-label=\"pinterest\"><span class=\"uagb-ss__source-wrap\"><span class=\"uagb-ss__source-icon\"><svg xmlns=\"https:\/\/www.w3.org\/2000\/svg\" viewBox=\"0 0 448 512\"><path d=\"M224.1 141c-63.6 0-114.9 51.3-114.9 114.9s51.3 114.9 114.9 114.9S339 319.5 339 255.9 287.7 141 224.1 141zm0 189.6c-41.1 0-74.7-33.5-74.7-74.7s33.5-74.7 74.7-74.7 74.7 33.5 74.7 74.7-33.6 74.7-74.7 74.7zm146.4-194.3c0 14.9-12 26.8-26.8 26.8-14.9 0-26.8-12-26.8-26.8s12-26.8 26.8-26.8 26.8 12 26.8 26.8zm76.1 27.2c-1.7-35.9-9.9-67.7-36.2-93.9-26.2-26.2-58-34.4-93.9-36.2-37-2.1-147.9-2.1-184.9 0-35.8 1.7-67.6 9.9-93.9 36.1s-34.4 58-36.2 93.9c-2.1 37-2.1 147.9 0 184.9 1.7 35.9 9.9 67.7 36.2 93.9s58 34.4 93.9 36.2c37 2.1 147.9 2.1 184.9 0 35.9-1.7 67.7-9.9 93.9-36.2 26.2-26.2 34.4-58 36.2-93.9 2.1-37 2.1-147.8 0-184.8zM398.8 388c-7.8 19.6-22.9 34.7-42.6 42.6-29.5 11.7-99.5 9-132.1 9s-102.7 2.6-132.1-9c-19.6-7.8-34.7-22.9-42.6-42.6-11.7-29.5-9-99.5-9-132.1s-2.6-102.7 9-132.1c7.8-19.6 22.9-34.7 42.6-42.6 29.5-11.7 99.5-9 132.1-9s102.7-2.6 132.1 9c19.6 7.8 34.7 22.9 42.6 42.6 11.7 29.5 9 99.5 9 132.1s2.7 102.7-9 132.1z\"><\/path><\/svg><\/span><\/span><\/span><\/div>\n\n<div class=\"wp-block-uagb-social-share-child uagb-ss-repeater uagb-ss__wrapper uagb-block-b75621db\"><span class=\"uagb-ss__link\" data-href=\"https:\/\/www.linkedin.com\/shareArticle?url=\" tabindex=\"0\" role=\"button\" aria-label=\"linkedin\"><span class=\"uagb-ss__source-wrap\"><span class=\"uagb-ss__source-icon\"><svg xmlns=\"https:\/\/www.w3.org\/2000\/svg\" viewBox=\"0 0 448 512\"><path d=\"M100.3 448H7.4V148.9h92.88zM53.79 108.1C24.09 108.1 0 83.5 0 53.8a53.79 53.79 0 0 1 107.6 0c0 29.7-24.1 54.3-53.79 54.3zM447.9 448h-92.68V302.4c0-34.7-.7-79.2-48.29-79.2-48.29 0-55.69 37.7-55.69 76.7V448h-92.78V148.9h89.08v40.8h1.3c12.4-23.5 42.69-48.3 87.88-48.3 94 0 111.3 61.9 111.3 142.3V448z\"><\/path><\/svg><\/span><\/span><\/span><\/div><\/div><\/div><\/div><\/div><div class=\"wp-block-uagb-container uagb-block-307cc7ed alignfull uagb-is-root-container\"><div class=\"uagb-container-inner-blocks-wrap\"><\/div><\/div>","protected":false},"excerpt":{"rendered":"<p>Sobre n\u00f3s<\/p>\n","protected":false},"author":1,"featured_media":0,"parent":0,"menu_order":0,"comment_status":"closed","ping_status":"closed","template":"","meta":{"_uag_custom_page_level_css":"","site-sidebar-layout":"no-sidebar","site-content-layout":"plain-container","ast-site-content-layout":"full-width-container","site-content-style":"default","site-sidebar-style":"default","ast-global-header-display":"","ast-banner-title-visibility":"","ast-main-header-display":"","ast-hfb-above-header-display":"","ast-hfb-below-header-display":"","ast-hfb-mobile-header-display":"","site-post-title":"disabled","ast-breadcrumbs-content":"","ast-featured-img":"","footer-sml-layout":"","theme-transparent-header-meta":"enabled","adv-header-id-meta":"","stick-header-meta":"","header-above-stick-meta":"","header-main-stick-meta":"","header-below-stick-meta":"","astra-migrate-meta-layouts":"set","ast-page-background-enabled":"default","ast-page-background-meta":{"desktop":{"background-color":"","background-image":"","background-repeat":"repeat","background-position":"center center","background-size":"auto","background-attachment":"scroll","background-type":"","background-media":"","overlay-type":"","overlay-color":"","overlay-opacity":"","overlay-gradient":""},"tablet":{"background-color":"","background-image":"","background-repeat":"repeat","background-position":"center center","background-size":"auto","background-attachment":"scroll","background-type":"","background-media":"","overlay-type":"","overlay-color":"","overlay-opacity":"","overlay-gradient":""},"mobile":{"background-color":"","background-image":"","background-repeat":"repeat","background-position":"center center","background-size":"auto","background-attachment":"scroll","background-type":"","background-media":"","overlay-type":"","overlay-color":"","overlay-opacity":"","overlay-gradient":""}},"ast-content-background-meta":{"desktop":{"background-color":"var(--ast-global-color-5)","background-image":"","background-repeat":"repeat","background-position":"center center","background-size":"auto","background-attachment":"scroll","background-type":"","background-media":"","overlay-type":"","overlay-color":"","overlay-opacity":"","overlay-gradient":""},"tablet":{"background-color":"var(--ast-global-color-5)","background-image":"","background-repeat":"repeat","background-position":"center center","background-size":"auto","background-attachment":"scroll","background-type":"","background-media":"","overlay-type":"","overlay-color":"","overlay-opacity":"","overlay-gradient":""},"mobile":{"background-color":"var(--ast-global-color-5)","background-image":"","background-repeat":"repeat","background-position":"center center","background-size":"auto","background-attachment":"scroll","background-type":"","background-media":"","overlay-type":"","overlay-color":"","overlay-opacity":"","overlay-gradient":""}},"footnotes":""},"class_list":["post-59","page","type-page","status-publish","hentry"],"yoast_head":"<!-- This site is optimized with the Yoast SEO plugin v24.4 - https:\/\/yoast.com\/wordpress\/plugins\/seo\/ -->\n<title>Sobre - Site modelo Bistec para Vestu\u00e1rio Site modelo Bistec para Vestu\u00e1rio<\/title>\n<meta name=\"robots\" content=\"index, follow, max-snippet:-1, max-image-preview:large, max-video-preview:-1\" \/>\n<link rel=\"canonical\" href=\"https:\/\/site.bistec.com.br\/vestuario\/about\/\" \/>\n<meta property=\"og:locale\" content=\"pt_BR\" \/>\n<meta property=\"og:type\" content=\"article\" \/>\n<meta property=\"og:title\" content=\"Sobre - Site modelo Bistec para Vestu\u00e1rio Site modelo Bistec para Vestu\u00e1rio\" \/>\n<meta property=\"og:description\" content=\"Sobre n\u00f3s\" \/>\n<meta property=\"og:url\" content=\"https:\/\/site.bistec.com.br\/vestuario\/about\/\" \/>\n<meta property=\"og:site_name\" content=\"Site modelo Bistec para Vestu\u00e1rio\" \/>\n<meta property=\"article:modified_time\" content=\"2024-03-28T19:30:57+00:00\" \/>\n<meta property=\"og:image\" content=\"https:\/\/site.bistec.com.br\/vestuario\/wp-content\/uploads\/2020\/09\/team2-free-img.png\" \/>\n<meta name=\"twitter:card\" content=\"summary_large_image\" \/>\n<meta name=\"twitter:label1\" content=\"Est. tempo de leitura\" \/>\n\t<meta name=\"twitter:data1\" content=\"3 minutos\" \/>\n<script type=\"application\/ld+json\" class=\"yoast-schema-graph\">{\"@context\":\"https:\/\/schema.org\",\"@graph\":[{\"@type\":\"WebPage\",\"@id\":\"https:\/\/site.bistec.com.br\/vestuario\/about\/\",\"url\":\"https:\/\/site.bistec.com.br\/vestuario\/about\/\",\"name\":\"Sobre - Site modelo Bistec para Vestu\u00e1rio Site modelo Bistec para Vestu\u00e1rio\",\"isPartOf\":{\"@id\":\"https:\/\/site.bistec.com.br\/vestuario\/#website\"},\"primaryImageOfPage\":{\"@id\":\"https:\/\/site.bistec.com.br\/vestuario\/about\/#primaryimage\"},\"image\":{\"@id\":\"https:\/\/site.bistec.com.br\/vestuario\/about\/#primaryimage\"},\"thumbnailUrl\":\"https:\/\/site.bistec.com.br\/vestuario\/wp-content\/uploads\/2020\/09\/team2-free-img.png\",\"datePublished\":\"2020-09-16T05:16:41+00:00\",\"dateModified\":\"2024-03-28T19:30:57+00:00\",\"breadcrumb\":{\"@id\":\"https:\/\/site.bistec.com.br\/vestuario\/about\/#breadcrumb\"},\"inLanguage\":\"pt-BR\",\"potentialAction\":[{\"@type\":\"ReadAction\",\"target\":[\"https:\/\/site.bistec.com.br\/vestuario\/about\/\"]}]},{\"@type\":\"ImageObject\",\"inLanguage\":\"pt-BR\",\"@id\":\"https:\/\/site.bistec.com.br\/vestuario\/about\/#primaryimage\",\"url\":\"https:\/\/site.bistec.com.br\/vestuario\/wp-content\/uploads\/2020\/09\/team2-free-img.png\",\"contentUrl\":\"https:\/\/site.bistec.com.br\/vestuario\/wp-content\/uploads\/2020\/09\/team2-free-img.png\",\"width\":150,\"height\":150},{\"@type\":\"BreadcrumbList\",\"@id\":\"https:\/\/site.bistec.com.br\/vestuario\/about\/#breadcrumb\",\"itemListElement\":[{\"@type\":\"ListItem\",\"position\":1,\"name\":\"In\u00edcio\",\"item\":\"https:\/\/site.bistec.com.br\/vestuario\/\"},{\"@type\":\"ListItem\",\"position\":2,\"name\":\"Sobre\"}]},{\"@type\":\"WebSite\",\"@id\":\"https:\/\/site.bistec.com.br\/vestuario\/#website\",\"url\":\"https:\/\/site.bistec.com.br\/vestuario\/\",\"name\":\"Site modelo Bistec para Vestu\u00e1rio\",\"description\":\"site modelo de vestu\u00e1rio\",\"publisher\":{\"@id\":\"https:\/\/site.bistec.com.br\/vestuario\/#organization\"},\"alternateName\":\"Bistec Vestu\u00e1rio\",\"potentialAction\":[{\"@type\":\"SearchAction\",\"target\":{\"@type\":\"EntryPoint\",\"urlTemplate\":\"https:\/\/site.bistec.com.br\/vestuario\/?s={search_term_string}\"},\"query-input\":{\"@type\":\"PropertyValueSpecification\",\"valueRequired\":true,\"valueName\":\"search_term_string\"}}],\"inLanguage\":\"pt-BR\"},{\"@type\":\"Organization\",\"@id\":\"https:\/\/site.bistec.com.br\/vestuario\/#organization\",\"name\":\"Site modelo Bistec para Vestu\u00e1rio\",\"alternateName\":\"Bistec Vestu\u00e1rio\",\"url\":\"https:\/\/site.bistec.com.br\/vestuario\/\",\"logo\":{\"@type\":\"ImageObject\",\"inLanguage\":\"pt-BR\",\"@id\":\"https:\/\/site.bistec.com.br\/vestuario\/#\/schema\/logo\/image\/\",\"url\":\"https:\/\/site.bistec.com.br\/vestuario\/wp-content\/uploads\/2024\/03\/e-removebg-preview.png\",\"contentUrl\":\"https:\/\/site.bistec.com.br\/vestuario\/wp-content\/uploads\/2024\/03\/e-removebg-preview.png\",\"width\":500,\"height\":500,\"caption\":\"Site modelo Bistec para Vestu\u00e1rio\"},\"image\":{\"@id\":\"https:\/\/site.bistec.com.br\/vestuario\/#\/schema\/logo\/image\/\"}}]}<\/script>\n<!-- \/ Yoast SEO plugin. -->","yoast_head_json":{"title":"Sobre - Site modelo Bistec para Vestu\u00e1rio Site modelo Bistec para Vestu\u00e1rio","robots":{"index":"index","follow":"follow","max-snippet":"max-snippet:-1","max-image-preview":"max-image-preview:large","max-video-preview":"max-video-preview:-1"},"canonical":"https:\/\/site.bistec.com.br\/vestuario\/about\/","og_locale":"pt_BR","og_type":"article","og_title":"Sobre - Site modelo Bistec para Vestu\u00e1rio Site modelo Bistec para Vestu\u00e1rio","og_description":"Sobre n\u00f3s","og_url":"https:\/\/site.bistec.com.br\/vestuario\/about\/","og_site_name":"Site modelo Bistec para Vestu\u00e1rio","article_modified_time":"2024-03-28T19:30:57+00:00","og_image":[{"url":"https:\/\/site.bistec.com.br\/vestuario\/wp-content\/uploads\/2020\/09\/team2-free-img.png","type":"","width":"","height":""}],"twitter_card":"summary_large_image","twitter_misc":{"Est. tempo de leitura":"3 minutos"},"schema":{"@context":"https:\/\/schema.org","@graph":[{"@type":"WebPage","@id":"https:\/\/site.bistec.com.br\/vestuario\/about\/","url":"https:\/\/site.bistec.com.br\/vestuario\/about\/","name":"Sobre - Site modelo Bistec para Vestu\u00e1rio Site modelo Bistec para Vestu\u00e1rio","isPartOf":{"@id":"https:\/\/site.bistec.com.br\/vestuario\/#website"},"primaryImageOfPage":{"@id":"https:\/\/site.bistec.com.br\/vestuario\/about\/#primaryimage"},"image":{"@id":"https:\/\/site.bistec.com.br\/vestuario\/about\/#primaryimage"},"thumbnailUrl":"https:\/\/site.bistec.com.br\/vestuario\/wp-content\/uploads\/2020\/09\/team2-free-img.png","datePublished":"2020-09-16T05:16:41+00:00","dateModified":"2024-03-28T19:30:57+00:00","breadcrumb":{"@id":"https:\/\/site.bistec.com.br\/vestuario\/about\/#breadcrumb"},"inLanguage":"pt-BR","potentialAction":[{"@type":"ReadAction","target":["https:\/\/site.bistec.com.br\/vestuario\/about\/"]}]},{"@type":"ImageObject","inLanguage":"pt-BR","@id":"https:\/\/site.bistec.com.br\/vestuario\/about\/#primaryimage","url":"https:\/\/site.bistec.com.br\/vestuario\/wp-content\/uploads\/2020\/09\/team2-free-img.png","contentUrl":"https:\/\/site.bistec.com.br\/vestuario\/wp-content\/uploads\/2020\/09\/team2-free-img.png","width":150,"height":150},{"@type":"BreadcrumbList","@id":"https:\/\/site.bistec.com.br\/vestuario\/about\/#breadcrumb","itemListElement":[{"@type":"ListItem","position":1,"name":"In\u00edcio","item":"https:\/\/site.bistec.com.br\/vestuario\/"},{"@type":"ListItem","position":2,"name":"Sobre"}]},{"@type":"WebSite","@id":"https:\/\/site.bistec.com.br\/vestuario\/#website","url":"https:\/\/site.bistec.com.br\/vestuario\/","name":"Site modelo Bistec para Vestu\u00e1rio","description":"site modelo de vestu\u00e1rio","publisher":{"@id":"https:\/\/site.bistec.com.br\/vestuario\/#organization"},"alternateName":"Bistec Vestu\u00e1rio","potentialAction":[{"@type":"SearchAction","target":{"@type":"EntryPoint","urlTemplate":"https:\/\/site.bistec.com.br\/vestuario\/?s={search_term_string}"},"query-input":{"@type":"PropertyValueSpecification","valueRequired":true,"valueName":"search_term_string"}}],"inLanguage":"pt-BR"},{"@type":"Organization","@id":"https:\/\/site.bistec.com.br\/vestuario\/#organization","name":"Site modelo Bistec para Vestu\u00e1rio","alternateName":"Bistec Vestu\u00e1rio","url":"https:\/\/site.bistec.com.br\/vestuario\/","logo":{"@type":"ImageObject","inLanguage":"pt-BR","@id":"https:\/\/site.bistec.com.br\/vestuario\/#\/schema\/logo\/image\/","url":"https:\/\/site.bistec.com.br\/vestuario\/wp-content\/uploads\/2024\/03\/e-removebg-preview.png","contentUrl":"https:\/\/site.bistec.com.br\/vestuario\/wp-content\/uploads\/2024\/03\/e-removebg-preview.png","width":500,"height":500,"caption":"Site modelo Bistec para Vestu\u00e1rio"},"image":{"@id":"https:\/\/site.bistec.com.br\/vestuario\/#\/schema\/logo\/image\/"}}]}},"uagb_featured_image_src":{"full":false,"thumbnail":false,"medium":false,"medium_large":false,"large":false,"1536x1536":false,"2048x2048":false,"woocommerce_thumbnail":false,"woocommerce_single":false,"woocommerce_gallery_thumbnail":false},"uagb_author_info":{"display_name":"RODRIGO CABRERA","author_link":"https:\/\/site.bistec.com.br\/vestuario\/author\/vestuario\/"},"uagb_comment_info":0,"uagb_excerpt":"Sobre n\u00f3s","_links":{"self":[{"href":"https:\/\/site.bistec.com.br\/vestuario\/wp-json\/wp\/v2\/pages\/59","targetHints":{"allow":["GET"]}}],"collection":[{"href":"https:\/\/site.bistec.com.br\/vestuario\/wp-json\/wp\/v2\/pages"}],"about":[{"href":"https:\/\/site.bistec.com.br\/vestuario\/wp-json\/wp\/v2\/types\/page"}],"author":[{"embeddable":true,"href":"https:\/\/site.bistec.com.br\/vestuario\/wp-json\/wp\/v2\/users\/1"}],"replies":[{"embeddable":true,"href":"https:\/\/site.bistec.com.br\/vestuario\/wp-json\/wp\/v2\/comments?post=59"}],"version-history":[{"count":44,"href":"https:\/\/site.bistec.com.br\/vestuario\/wp-json\/wp\/v2\/pages\/59\/revisions"}],"predecessor-version":[{"id":2945,"href":"https:\/\/site.bistec.com.br\/vestuario\/wp-json\/wp\/v2\/pages\/59\/revisions\/2945"}],"wp:attachment":[{"href":"https:\/\/site.bistec.com.br\/vestuario\/wp-json\/wp\/v2\/media?parent=59"}],"curies":[{"name":"wp","href":"https:\/\/api.w.org\/{rel}","templated":true}]}}