{"id":90,"date":"2025-01-28T13:38:47","date_gmt":"2025-01-28T16:38:47","guid":{"rendered":"https:\/\/bistec.com.br\/relojoaria\/?post_type=product&#038;p=90"},"modified":"2025-01-28T13:38:47","modified_gmt":"2025-01-28T16:38:47","slug":"pulseira-cronos-em-prata-925","status":"publish","type":"product","link":"https:\/\/site.bistec.com.br\/relojoaria\/produto\/pulseira-cronos-em-prata-925\/","title":{"rendered":"Pulseira Cronos em Prata 925"},"content":{"rendered":"","protected":false},"excerpt":{"rendered":"<p class=\"description-text\"><strong>Pulseira Cronos em Prata 925<\/strong><\/p>\n<div>\n<ul class=\"description-composition\">\n<li class=\"description-composition__item\">Cole\u00e7\u00e3o\u00a0:\u00a0Cronos<\/li>\n<\/ul>\n<\/div>\n<div>\n<ul class=\"description-composition\">\n<li class=\"description-composition__item\">Comprimento aprox\u00a0:\u00a021 cm<\/li>\n<\/ul>\n<\/div>\n<div>\n<ul class=\"description-composition\">\n<li class=\"description-composition__item\">Espessura aprox.\u00a0:\u00a04 mm<\/li>\n<\/ul>\n<\/div>\n<div>\n<ul class=\"description-composition\">\n<li class=\"description-composition__item\">Material\u00a0:\u00a0Prata<\/li>\n<\/ul>\n<\/div>\n<div>\n<ul class=\"description-composition\">\n<li class=\"description-composition__item\">Sugest\u00e3o\u00a0:\u00a0Para ele<\/li>\n<\/ul>\n<\/div>\n<div>\n<ul class=\"description-composition\">\n<li class=\"description-composition__item\">Observa\u00e7\u00e3o\u00a0:\u00a0Todas as medidas s\u00e3o aproximadas e podem variar de acordo com a produ\u00e7\u00e3o.<\/li>\n<\/ul>\n<\/div>\n","protected":false},"featured_media":93,"comment_status":"open","ping_status":"closed","template":"","meta":[],"product_brand":[],"product_cat":[16,20,23,34],"product_tag":[],"class_list":{"0":"post-90","1":"product","2":"type-product","3":"status-publish","4":"has-post-thumbnail","6":"product_cat-joias","7":"product_cat-masculino","8":"product_cat-pulseiras","9":"product_cat-pulseiras-joias","11":"first","12":"instock","13":"taxable","14":"shipping-taxable","15":"purchasable","16":"product-type-simple"},"yoast_head":"<!-- This site is optimized with the Yoast SEO plugin v26.4 - https:\/\/yoast.com\/wordpress\/plugins\/seo\/ -->\n<title>Pulseira Cronos em Prata 925 - Relojoaria Bistec<\/title>\n<meta name=\"robots\" content=\"index, follow, max-snippet:-1, max-image-preview:large, max-video-preview:-1\" \/>\n<link rel=\"canonical\" href=\"https:\/\/site.bistec.com.br\/relojoaria\/produto\/pulseira-cronos-em-prata-925\/\" \/>\n<meta property=\"og:locale\" content=\"pt_BR\" \/>\n<meta property=\"og:type\" content=\"article\" \/>\n<meta property=\"og:title\" content=\"Pulseira Cronos em Prata 925 - Relojoaria Bistec\" \/>\n<meta property=\"og:description\" content=\"Pulseira Cronos em Prata 925     Cole\u00e7\u00e3o\u00a0:\u00a0Cronos      Comprimento aprox\u00a0:\u00a021 cm      Espessura aprox.\u00a0:\u00a04 mm      Material\u00a0:\u00a0Prata      Sugest\u00e3o\u00a0:\u00a0Para ele      Observa\u00e7\u00e3o\u00a0:\u00a0Todas as medidas s\u00e3o aproximadas e podem variar de acordo com a produ\u00e7\u00e3o.\" \/>\n<meta property=\"og:url\" content=\"https:\/\/site.bistec.com.br\/relojoaria\/produto\/pulseira-cronos-em-prata-925\/\" \/>\n<meta property=\"og:site_name\" content=\"Relojoaria Bistec\" \/>\n<meta property=\"og:image\" content=\"https:\/\/site.bistec.com.br\/relojoaria\/wp-content\/uploads\/2025\/01\/Pulseira-Cronos-em-Prata-925.webp\" \/>\n\t<meta property=\"og:image:width\" content=\"1000\" \/>\n\t<meta property=\"og:image:height\" content=\"1000\" \/>\n\t<meta property=\"og:image:type\" content=\"image\/webp\" \/>\n<meta name=\"twitter:card\" content=\"summary_large_image\" \/>\n<script type=\"application\/ld+json\" class=\"yoast-schema-graph\">{\"@context\":\"https:\/\/schema.org\",\"@graph\":[{\"@type\":\"WebPage\",\"@id\":\"https:\/\/site.bistec.com.br\/relojoaria\/produto\/pulseira-cronos-em-prata-925\/\",\"url\":\"https:\/\/site.bistec.com.br\/relojoaria\/produto\/pulseira-cronos-em-prata-925\/\",\"name\":\"Pulseira Cronos em Prata 925 - Relojoaria Bistec\",\"isPartOf\":{\"@id\":\"https:\/\/site.bistec.com.br\/relojoaria\/#website\"},\"primaryImageOfPage\":{\"@id\":\"https:\/\/site.bistec.com.br\/relojoaria\/produto\/pulseira-cronos-em-prata-925\/#primaryimage\"},\"image\":{\"@id\":\"https:\/\/site.bistec.com.br\/relojoaria\/produto\/pulseira-cronos-em-prata-925\/#primaryimage\"},\"thumbnailUrl\":\"https:\/\/site.bistec.com.br\/relojoaria\/wp-content\/uploads\/2025\/01\/Pulseira-Cronos-em-Prata-925.webp\",\"datePublished\":\"2025-01-28T16:38:47+00:00\",\"breadcrumb\":{\"@id\":\"https:\/\/site.bistec.com.br\/relojoaria\/produto\/pulseira-cronos-em-prata-925\/#breadcrumb\"},\"inLanguage\":\"pt-BR\",\"potentialAction\":[{\"@type\":\"ReadAction\",\"target\":[\"https:\/\/site.bistec.com.br\/relojoaria\/produto\/pulseira-cronos-em-prata-925\/\"]}]},{\"@type\":\"ImageObject\",\"inLanguage\":\"pt-BR\",\"@id\":\"https:\/\/site.bistec.com.br\/relojoaria\/produto\/pulseira-cronos-em-prata-925\/#primaryimage\",\"url\":\"https:\/\/site.bistec.com.br\/relojoaria\/wp-content\/uploads\/2025\/01\/Pulseira-Cronos-em-Prata-925.webp\",\"contentUrl\":\"https:\/\/site.bistec.com.br\/relojoaria\/wp-content\/uploads\/2025\/01\/Pulseira-Cronos-em-Prata-925.webp\",\"width\":1000,\"height\":1000},{\"@type\":\"BreadcrumbList\",\"@id\":\"https:\/\/site.bistec.com.br\/relojoaria\/produto\/pulseira-cronos-em-prata-925\/#breadcrumb\",\"itemListElement\":[{\"@type\":\"ListItem\",\"position\":1,\"name\":\"In\u00edcio\",\"item\":\"https:\/\/site.bistec.com.br\/relojoaria\/\"},{\"@type\":\"ListItem\",\"position\":2,\"name\":\"Loja\",\"item\":\"https:\/\/site.bistec.com.br\/relojoaria\/loja\/\"},{\"@type\":\"ListItem\",\"position\":3,\"name\":\"Pulseira Cronos em Prata 925\"}]},{\"@type\":\"WebSite\",\"@id\":\"https:\/\/site.bistec.com.br\/relojoaria\/#website\",\"url\":\"https:\/\/site.bistec.com.br\/relojoaria\/\",\"name\":\"Relojoaria Bistec\",\"description\":\"Relojoaria e Joalheria\",\"publisher\":{\"@id\":\"https:\/\/site.bistec.com.br\/relojoaria\/#organization\"},\"potentialAction\":[{\"@type\":\"SearchAction\",\"target\":{\"@type\":\"EntryPoint\",\"urlTemplate\":\"https:\/\/site.bistec.com.br\/relojoaria\/?s={search_term_string}\"},\"query-input\":{\"@type\":\"PropertyValueSpecification\",\"valueRequired\":true,\"valueName\":\"search_term_string\"}}],\"inLanguage\":\"pt-BR\"},{\"@type\":\"Organization\",\"@id\":\"https:\/\/site.bistec.com.br\/relojoaria\/#organization\",\"name\":\"Bistec Joias e relojoaria\",\"url\":\"https:\/\/site.bistec.com.br\/relojoaria\/\",\"logo\":{\"@type\":\"ImageObject\",\"inLanguage\":\"pt-BR\",\"@id\":\"https:\/\/site.bistec.com.br\/relojoaria\/#\/schema\/logo\/image\/\",\"url\":\"https:\/\/site.bistec.com.br\/relojoaria\/wp-content\/uploads\/2025\/01\/logo-bistec-joias-preto-sem-fundo.png\",\"contentUrl\":\"https:\/\/site.bistec.com.br\/relojoaria\/wp-content\/uploads\/2025\/01\/logo-bistec-joias-preto-sem-fundo.png\",\"width\":1048,\"height\":418,\"caption\":\"Bistec Joias e relojoaria\"},\"image\":{\"@id\":\"https:\/\/site.bistec.com.br\/relojoaria\/#\/schema\/logo\/image\/\"}}]}<\/script>\n<!-- \/ Yoast SEO plugin. -->","yoast_head_json":{"title":"Pulseira Cronos em Prata 925 - Relojoaria Bistec","robots":{"index":"index","follow":"follow","max-snippet":"max-snippet:-1","max-image-preview":"max-image-preview:large","max-video-preview":"max-video-preview:-1"},"canonical":"https:\/\/site.bistec.com.br\/relojoaria\/produto\/pulseira-cronos-em-prata-925\/","og_locale":"pt_BR","og_type":"article","og_title":"Pulseira Cronos em Prata 925 - Relojoaria Bistec","og_description":"Pulseira Cronos em Prata 925     Cole\u00e7\u00e3o\u00a0:\u00a0Cronos      Comprimento aprox\u00a0:\u00a021 cm      Espessura aprox.\u00a0:\u00a04 mm      Material\u00a0:\u00a0Prata      Sugest\u00e3o\u00a0:\u00a0Para ele      Observa\u00e7\u00e3o\u00a0:\u00a0Todas as medidas s\u00e3o aproximadas e podem variar de acordo com a produ\u00e7\u00e3o.","og_url":"https:\/\/site.bistec.com.br\/relojoaria\/produto\/pulseira-cronos-em-prata-925\/","og_site_name":"Relojoaria Bistec","og_image":[{"width":1000,"height":1000,"url":"https:\/\/site.bistec.com.br\/relojoaria\/wp-content\/uploads\/2025\/01\/Pulseira-Cronos-em-Prata-925.webp","type":"image\/webp"}],"twitter_card":"summary_large_image","schema":{"@context":"https:\/\/schema.org","@graph":[{"@type":"WebPage","@id":"https:\/\/site.bistec.com.br\/relojoaria\/produto\/pulseira-cronos-em-prata-925\/","url":"https:\/\/site.bistec.com.br\/relojoaria\/produto\/pulseira-cronos-em-prata-925\/","name":"Pulseira Cronos em Prata 925 - Relojoaria Bistec","isPartOf":{"@id":"https:\/\/site.bistec.com.br\/relojoaria\/#website"},"primaryImageOfPage":{"@id":"https:\/\/site.bistec.com.br\/relojoaria\/produto\/pulseira-cronos-em-prata-925\/#primaryimage"},"image":{"@id":"https:\/\/site.bistec.com.br\/relojoaria\/produto\/pulseira-cronos-em-prata-925\/#primaryimage"},"thumbnailUrl":"https:\/\/site.bistec.com.br\/relojoaria\/wp-content\/uploads\/2025\/01\/Pulseira-Cronos-em-Prata-925.webp","datePublished":"2025-01-28T16:38:47+00:00","breadcrumb":{"@id":"https:\/\/site.bistec.com.br\/relojoaria\/produto\/pulseira-cronos-em-prata-925\/#breadcrumb"},"inLanguage":"pt-BR","potentialAction":[{"@type":"ReadAction","target":["https:\/\/site.bistec.com.br\/relojoaria\/produto\/pulseira-cronos-em-prata-925\/"]}]},{"@type":"ImageObject","inLanguage":"pt-BR","@id":"https:\/\/site.bistec.com.br\/relojoaria\/produto\/pulseira-cronos-em-prata-925\/#primaryimage","url":"https:\/\/site.bistec.com.br\/relojoaria\/wp-content\/uploads\/2025\/01\/Pulseira-Cronos-em-Prata-925.webp","contentUrl":"https:\/\/site.bistec.com.br\/relojoaria\/wp-content\/uploads\/2025\/01\/Pulseira-Cronos-em-Prata-925.webp","width":1000,"height":1000},{"@type":"BreadcrumbList","@id":"https:\/\/site.bistec.com.br\/relojoaria\/produto\/pulseira-cronos-em-prata-925\/#breadcrumb","itemListElement":[{"@type":"ListItem","position":1,"name":"In\u00edcio","item":"https:\/\/site.bistec.com.br\/relojoaria\/"},{"@type":"ListItem","position":2,"name":"Loja","item":"https:\/\/site.bistec.com.br\/relojoaria\/loja\/"},{"@type":"ListItem","position":3,"name":"Pulseira Cronos em Prata 925"}]},{"@type":"WebSite","@id":"https:\/\/site.bistec.com.br\/relojoaria\/#website","url":"https:\/\/site.bistec.com.br\/relojoaria\/","name":"Relojoaria Bistec","description":"Relojoaria e Joalheria","publisher":{"@id":"https:\/\/site.bistec.com.br\/relojoaria\/#organization"},"potentialAction":[{"@type":"SearchAction","target":{"@type":"EntryPoint","urlTemplate":"https:\/\/site.bistec.com.br\/relojoaria\/?s={search_term_string}"},"query-input":{"@type":"PropertyValueSpecification","valueRequired":true,"valueName":"search_term_string"}}],"inLanguage":"pt-BR"},{"@type":"Organization","@id":"https:\/\/site.bistec.com.br\/relojoaria\/#organization","name":"Bistec Joias e relojoaria","url":"https:\/\/site.bistec.com.br\/relojoaria\/","logo":{"@type":"ImageObject","inLanguage":"pt-BR","@id":"https:\/\/site.bistec.com.br\/relojoaria\/#\/schema\/logo\/image\/","url":"https:\/\/site.bistec.com.br\/relojoaria\/wp-content\/uploads\/2025\/01\/logo-bistec-joias-preto-sem-fundo.png","contentUrl":"https:\/\/site.bistec.com.br\/relojoaria\/wp-content\/uploads\/2025\/01\/logo-bistec-joias-preto-sem-fundo.png","width":1048,"height":418,"caption":"Bistec Joias e relojoaria"},"image":{"@id":"https:\/\/site.bistec.com.br\/relojoaria\/#\/schema\/logo\/image\/"}}]}},"_links":{"self":[{"href":"https:\/\/site.bistec.com.br\/relojoaria\/wp-json\/wp\/v2\/product\/90","targetHints":{"allow":["GET"]}}],"collection":[{"href":"https:\/\/site.bistec.com.br\/relojoaria\/wp-json\/wp\/v2\/product"}],"about":[{"href":"https:\/\/site.bistec.com.br\/relojoaria\/wp-json\/wp\/v2\/types\/product"}],"replies":[{"embeddable":true,"href":"https:\/\/site.bistec.com.br\/relojoaria\/wp-json\/wp\/v2\/comments?post=90"}],"wp:featuredmedia":[{"embeddable":true,"href":"https:\/\/site.bistec.com.br\/relojoaria\/wp-json\/wp\/v2\/media\/93"}],"wp:attachment":[{"href":"https:\/\/site.bistec.com.br\/relojoaria\/wp-json\/wp\/v2\/media?parent=90"}],"wp:term":[{"taxonomy":"product_brand","embeddable":true,"href":"https:\/\/site.bistec.com.br\/relojoaria\/wp-json\/wp\/v2\/product_brand?post=90"},{"taxonomy":"product_cat","embeddable":true,"href":"https:\/\/site.bistec.com.br\/relojoaria\/wp-json\/wp\/v2\/product_cat?post=90"},{"taxonomy":"product_tag","embeddable":true,"href":"https:\/\/site.bistec.com.br\/relojoaria\/wp-json\/wp\/v2\/product_tag?post=90"}],"curies":[{"name":"wp","href":"https:\/\/api.w.org\/{rel}","templated":true}]}}