{"id":529,"date":"2025-03-28T11:29:43","date_gmt":"2025-03-28T14:29:43","guid":{"rendered":"https:\/\/site.bistec.com.br\/relojoaria\/?post_type=product&#038;p=529"},"modified":"2025-03-28T11:29:43","modified_gmt":"2025-03-28T14:29:43","slug":"colar-idole-em-ouro-amarelo-18k-com-diamantes-036ct","status":"publish","type":"product","link":"https:\/\/site.bistec.com.br\/relojoaria\/produto\/colar-idole-em-ouro-amarelo-18k-com-diamantes-036ct\/","title":{"rendered":"Colar Id\u00f4le em Ouro Amarelo 18k com Diamantes 0,36ct"},"content":{"rendered":"<div class=\"detail productDetails-detail-subContainer\">\n<div class=\"productDetails-detail-rightCol\">\n<h3 class=\"detail-title productDetails-detail-title\">Ouro Amarelo<\/h3>\n<p class=\"detail-content\">A Vivara utiliza em suas joias ouro 18k, que \u00e9 o mais indicado para o uso na joalheria em fun\u00e7\u00e3o de sua durabilidade e brilho. Sua composi\u00e7\u00e3o cont\u00e9m 75% de ouro puro mais 25% de ligas especiais.<\/p>\n<\/div>\n<\/div>\n<div class=\"detail productDetails-detail-subContainer\"><img decoding=\"async\" class=\"productDetails-detail-image\" src=\"https:\/\/images.vivara.com.br\/Stores\/Vivara\/Pedras\/Diamante.png\" alt=\"-img\" \/><\/p>\n<div class=\"productDetails-detail-rightCol\">\n<h3 class=\"detail-title productDetails-detail-title\">Diamante<\/h3>\n<p class=\"detail-content\">O diamante \u00e9 sin\u00f4nimo de brilho, emo\u00e7\u00e3o e tradi\u00e7\u00e3o. \u00c9 o material mais resistente j\u00e1 criado pela natureza, traduzindo o equil\u00edbrio entre beleza e durabilidade. A escolha perfeita para marcar momentos especiais e homenagear aqueles que amamos.<\/p>\n<\/div>\n<\/div>\n","protected":false},"excerpt":{"rendered":"<p class=\"description-text\"><strong>Colar Id\u00f4le em Ouro Amarelo 18k com Diamantes 0,36ct<\/strong><\/p>\n<div>\n<ul class=\"description-composition\">\n<li class=\"description-composition__item\">Cole\u00e7\u00e3o\u00a0:\u00a0Id\u00f4le<\/li>\n<\/ul>\n<\/div>\n<div>\n<ul class=\"description-composition\">\n<li class=\"description-composition__item\">Comprimento aprox\u00a0:\u00a040 cm<\/li>\n<\/ul>\n<\/div>\n<div>\n<ul class=\"description-composition\">\n<li class=\"description-composition__item\">Material\u00a0:\u00a0ouro amarelo<\/li>\n<\/ul>\n<\/div>\n<div>\n<ul class=\"description-composition\">\n<li class=\"description-composition__item\">Pedras\u00a0:\u00a0diamante<\/li>\n<\/ul>\n<\/div>\n<div>\n<ul class=\"description-composition\">\n<li class=\"description-composition__item\">Sugest\u00e3o\u00a0:\u00a0Para ela<\/li>\n<\/ul>\n<\/div>\n<div>\n<ul class=\"description-composition\">\n<li class=\"description-composition__item\">Observa\u00e7\u00e3o\u00a0:\u00a0Todas as medidas s\u00e3o aproximadas e podem variar de acordo com a produ\u00e7\u00e3o.<\/li>\n<\/ul>\n<\/div>\n","protected":false},"featured_media":533,"comment_status":"open","ping_status":"closed","template":"","meta":[],"product_brand":[],"product_cat":[36,16],"product_tag":[],"class_list":{"0":"post-529","1":"product","2":"type-product","3":"status-publish","4":"has-post-thumbnail","6":"product_cat-colares","7":"product_cat-joias","9":"first","10":"instock","11":"taxable","12":"shipping-taxable","13":"purchasable","14":"product-type-simple"},"yoast_head":"<!-- This site is optimized with the Yoast SEO plugin v26.4 - https:\/\/yoast.com\/wordpress\/plugins\/seo\/ -->\n<title>Colar Id\u00f4le em Ouro Amarelo 18k com Diamantes 0,36ct - Relojoaria Bistec<\/title>\n<meta name=\"robots\" content=\"index, follow, max-snippet:-1, max-image-preview:large, max-video-preview:-1\" \/>\n<link rel=\"canonical\" href=\"https:\/\/site.bistec.com.br\/relojoaria\/produto\/colar-idole-em-ouro-amarelo-18k-com-diamantes-036ct\/\" \/>\n<meta property=\"og:locale\" content=\"pt_BR\" \/>\n<meta property=\"og:type\" content=\"article\" \/>\n<meta property=\"og:title\" content=\"Colar Id\u00f4le em Ouro Amarelo 18k com Diamantes 0,36ct - Relojoaria Bistec\" \/>\n<meta property=\"og:description\" content=\"Colar Id\u00f4le em Ouro Amarelo 18k com Diamantes 0,36ct     Cole\u00e7\u00e3o\u00a0:\u00a0Id\u00f4le      Comprimento aprox\u00a0:\u00a040 cm      Material\u00a0:\u00a0ouro amarelo      Pedras\u00a0:\u00a0diamante      Sugest\u00e3o\u00a0:\u00a0Para ela      Observa\u00e7\u00e3o\u00a0:\u00a0Todas as medidas s\u00e3o aproximadas e podem variar de acordo com a produ\u00e7\u00e3o.\" \/>\n<meta property=\"og:url\" content=\"https:\/\/site.bistec.com.br\/relojoaria\/produto\/colar-idole-em-ouro-amarelo-18k-com-diamantes-036ct\/\" \/>\n<meta property=\"og:site_name\" content=\"Relojoaria Bistec\" \/>\n<meta property=\"og:image\" content=\"https:\/\/site.bistec.com.br\/relojoaria\/wp-content\/uploads\/2025\/03\/Colar-Idole-em-Ouro-Amarelo-18k-com-Diamantes-0-36ct-104708_1_set.webp\" \/>\n\t<meta property=\"og:image:width\" content=\"1600\" \/>\n\t<meta property=\"og:image:height\" content=\"1600\" \/>\n\t<meta property=\"og:image:type\" content=\"image\/webp\" \/>\n<meta name=\"twitter:card\" content=\"summary_large_image\" \/>\n<script type=\"application\/ld+json\" class=\"yoast-schema-graph\">{\"@context\":\"https:\/\/schema.org\",\"@graph\":[{\"@type\":\"WebPage\",\"@id\":\"https:\/\/site.bistec.com.br\/relojoaria\/produto\/colar-idole-em-ouro-amarelo-18k-com-diamantes-036ct\/\",\"url\":\"https:\/\/site.bistec.com.br\/relojoaria\/produto\/colar-idole-em-ouro-amarelo-18k-com-diamantes-036ct\/\",\"name\":\"Colar Id\u00f4le em Ouro Amarelo 18k com Diamantes 0,36ct - Relojoaria Bistec\",\"isPartOf\":{\"@id\":\"https:\/\/site.bistec.com.br\/relojoaria\/#website\"},\"primaryImageOfPage\":{\"@id\":\"https:\/\/site.bistec.com.br\/relojoaria\/produto\/colar-idole-em-ouro-amarelo-18k-com-diamantes-036ct\/#primaryimage\"},\"image\":{\"@id\":\"https:\/\/site.bistec.com.br\/relojoaria\/produto\/colar-idole-em-ouro-amarelo-18k-com-diamantes-036ct\/#primaryimage\"},\"thumbnailUrl\":\"https:\/\/site.bistec.com.br\/relojoaria\/wp-content\/uploads\/2025\/03\/Colar-Idole-em-Ouro-Amarelo-18k-com-Diamantes-0-36ct-104708_1_set.webp\",\"datePublished\":\"2025-03-28T14:29:43+00:00\",\"breadcrumb\":{\"@id\":\"https:\/\/site.bistec.com.br\/relojoaria\/produto\/colar-idole-em-ouro-amarelo-18k-com-diamantes-036ct\/#breadcrumb\"},\"inLanguage\":\"pt-BR\",\"potentialAction\":[{\"@type\":\"ReadAction\",\"target\":[\"https:\/\/site.bistec.com.br\/relojoaria\/produto\/colar-idole-em-ouro-amarelo-18k-com-diamantes-036ct\/\"]}]},{\"@type\":\"ImageObject\",\"inLanguage\":\"pt-BR\",\"@id\":\"https:\/\/site.bistec.com.br\/relojoaria\/produto\/colar-idole-em-ouro-amarelo-18k-com-diamantes-036ct\/#primaryimage\",\"url\":\"https:\/\/site.bistec.com.br\/relojoaria\/wp-content\/uploads\/2025\/03\/Colar-Idole-em-Ouro-Amarelo-18k-com-Diamantes-0-36ct-104708_1_set.webp\",\"contentUrl\":\"https:\/\/site.bistec.com.br\/relojoaria\/wp-content\/uploads\/2025\/03\/Colar-Idole-em-Ouro-Amarelo-18k-com-Diamantes-0-36ct-104708_1_set.webp\",\"width\":1600,\"height\":1600},{\"@type\":\"BreadcrumbList\",\"@id\":\"https:\/\/site.bistec.com.br\/relojoaria\/produto\/colar-idole-em-ouro-amarelo-18k-com-diamantes-036ct\/#breadcrumb\",\"itemListElement\":[{\"@type\":\"ListItem\",\"position\":1,\"name\":\"In\u00edcio\",\"item\":\"https:\/\/site.bistec.com.br\/relojoaria\/\"},{\"@type\":\"ListItem\",\"position\":2,\"name\":\"Loja\",\"item\":\"https:\/\/site.bistec.com.br\/relojoaria\/loja\/\"},{\"@type\":\"ListItem\",\"position\":3,\"name\":\"Colar Id\u00f4le em Ouro Amarelo 18k com Diamantes 0,36ct\"}]},{\"@type\":\"WebSite\",\"@id\":\"https:\/\/site.bistec.com.br\/relojoaria\/#website\",\"url\":\"https:\/\/site.bistec.com.br\/relojoaria\/\",\"name\":\"Relojoaria Bistec\",\"description\":\"Relojoaria e Joalheria\",\"publisher\":{\"@id\":\"https:\/\/site.bistec.com.br\/relojoaria\/#organization\"},\"potentialAction\":[{\"@type\":\"SearchAction\",\"target\":{\"@type\":\"EntryPoint\",\"urlTemplate\":\"https:\/\/site.bistec.com.br\/relojoaria\/?s={search_term_string}\"},\"query-input\":{\"@type\":\"PropertyValueSpecification\",\"valueRequired\":true,\"valueName\":\"search_term_string\"}}],\"inLanguage\":\"pt-BR\"},{\"@type\":\"Organization\",\"@id\":\"https:\/\/site.bistec.com.br\/relojoaria\/#organization\",\"name\":\"Bistec Joias e relojoaria\",\"url\":\"https:\/\/site.bistec.com.br\/relojoaria\/\",\"logo\":{\"@type\":\"ImageObject\",\"inLanguage\":\"pt-BR\",\"@id\":\"https:\/\/site.bistec.com.br\/relojoaria\/#\/schema\/logo\/image\/\",\"url\":\"https:\/\/site.bistec.com.br\/relojoaria\/wp-content\/uploads\/2025\/01\/logo-bistec-joias-preto-sem-fundo.png\",\"contentUrl\":\"https:\/\/site.bistec.com.br\/relojoaria\/wp-content\/uploads\/2025\/01\/logo-bistec-joias-preto-sem-fundo.png\",\"width\":1048,\"height\":418,\"caption\":\"Bistec Joias e relojoaria\"},\"image\":{\"@id\":\"https:\/\/site.bistec.com.br\/relojoaria\/#\/schema\/logo\/image\/\"}}]}<\/script>\n<!-- \/ Yoast SEO plugin. -->","yoast_head_json":{"title":"Colar Id\u00f4le em Ouro Amarelo 18k com Diamantes 0,36ct - Relojoaria Bistec","robots":{"index":"index","follow":"follow","max-snippet":"max-snippet:-1","max-image-preview":"max-image-preview:large","max-video-preview":"max-video-preview:-1"},"canonical":"https:\/\/site.bistec.com.br\/relojoaria\/produto\/colar-idole-em-ouro-amarelo-18k-com-diamantes-036ct\/","og_locale":"pt_BR","og_type":"article","og_title":"Colar Id\u00f4le em Ouro Amarelo 18k com Diamantes 0,36ct - Relojoaria Bistec","og_description":"Colar Id\u00f4le em Ouro Amarelo 18k com Diamantes 0,36ct     Cole\u00e7\u00e3o\u00a0:\u00a0Id\u00f4le      Comprimento aprox\u00a0:\u00a040 cm      Material\u00a0:\u00a0ouro amarelo      Pedras\u00a0:\u00a0diamante      Sugest\u00e3o\u00a0:\u00a0Para ela      Observa\u00e7\u00e3o\u00a0:\u00a0Todas as medidas s\u00e3o aproximadas e podem variar de acordo com a produ\u00e7\u00e3o.","og_url":"https:\/\/site.bistec.com.br\/relojoaria\/produto\/colar-idole-em-ouro-amarelo-18k-com-diamantes-036ct\/","og_site_name":"Relojoaria Bistec","og_image":[{"width":1600,"height":1600,"url":"https:\/\/site.bistec.com.br\/relojoaria\/wp-content\/uploads\/2025\/03\/Colar-Idole-em-Ouro-Amarelo-18k-com-Diamantes-0-36ct-104708_1_set.webp","type":"image\/webp"}],"twitter_card":"summary_large_image","schema":{"@context":"https:\/\/schema.org","@graph":[{"@type":"WebPage","@id":"https:\/\/site.bistec.com.br\/relojoaria\/produto\/colar-idole-em-ouro-amarelo-18k-com-diamantes-036ct\/","url":"https:\/\/site.bistec.com.br\/relojoaria\/produto\/colar-idole-em-ouro-amarelo-18k-com-diamantes-036ct\/","name":"Colar Id\u00f4le em Ouro Amarelo 18k com Diamantes 0,36ct - Relojoaria Bistec","isPartOf":{"@id":"https:\/\/site.bistec.com.br\/relojoaria\/#website"},"primaryImageOfPage":{"@id":"https:\/\/site.bistec.com.br\/relojoaria\/produto\/colar-idole-em-ouro-amarelo-18k-com-diamantes-036ct\/#primaryimage"},"image":{"@id":"https:\/\/site.bistec.com.br\/relojoaria\/produto\/colar-idole-em-ouro-amarelo-18k-com-diamantes-036ct\/#primaryimage"},"thumbnailUrl":"https:\/\/site.bistec.com.br\/relojoaria\/wp-content\/uploads\/2025\/03\/Colar-Idole-em-Ouro-Amarelo-18k-com-Diamantes-0-36ct-104708_1_set.webp","datePublished":"2025-03-28T14:29:43+00:00","breadcrumb":{"@id":"https:\/\/site.bistec.com.br\/relojoaria\/produto\/colar-idole-em-ouro-amarelo-18k-com-diamantes-036ct\/#breadcrumb"},"inLanguage":"pt-BR","potentialAction":[{"@type":"ReadAction","target":["https:\/\/site.bistec.com.br\/relojoaria\/produto\/colar-idole-em-ouro-amarelo-18k-com-diamantes-036ct\/"]}]},{"@type":"ImageObject","inLanguage":"pt-BR","@id":"https:\/\/site.bistec.com.br\/relojoaria\/produto\/colar-idole-em-ouro-amarelo-18k-com-diamantes-036ct\/#primaryimage","url":"https:\/\/site.bistec.com.br\/relojoaria\/wp-content\/uploads\/2025\/03\/Colar-Idole-em-Ouro-Amarelo-18k-com-Diamantes-0-36ct-104708_1_set.webp","contentUrl":"https:\/\/site.bistec.com.br\/relojoaria\/wp-content\/uploads\/2025\/03\/Colar-Idole-em-Ouro-Amarelo-18k-com-Diamantes-0-36ct-104708_1_set.webp","width":1600,"height":1600},{"@type":"BreadcrumbList","@id":"https:\/\/site.bistec.com.br\/relojoaria\/produto\/colar-idole-em-ouro-amarelo-18k-com-diamantes-036ct\/#breadcrumb","itemListElement":[{"@type":"ListItem","position":1,"name":"In\u00edcio","item":"https:\/\/site.bistec.com.br\/relojoaria\/"},{"@type":"ListItem","position":2,"name":"Loja","item":"https:\/\/site.bistec.com.br\/relojoaria\/loja\/"},{"@type":"ListItem","position":3,"name":"Colar Id\u00f4le em Ouro Amarelo 18k com Diamantes 0,36ct"}]},{"@type":"WebSite","@id":"https:\/\/site.bistec.com.br\/relojoaria\/#website","url":"https:\/\/site.bistec.com.br\/relojoaria\/","name":"Relojoaria Bistec","description":"Relojoaria e Joalheria","publisher":{"@id":"https:\/\/site.bistec.com.br\/relojoaria\/#organization"},"potentialAction":[{"@type":"SearchAction","target":{"@type":"EntryPoint","urlTemplate":"https:\/\/site.bistec.com.br\/relojoaria\/?s={search_term_string}"},"query-input":{"@type":"PropertyValueSpecification","valueRequired":true,"valueName":"search_term_string"}}],"inLanguage":"pt-BR"},{"@type":"Organization","@id":"https:\/\/site.bistec.com.br\/relojoaria\/#organization","name":"Bistec Joias e relojoaria","url":"https:\/\/site.bistec.com.br\/relojoaria\/","logo":{"@type":"ImageObject","inLanguage":"pt-BR","@id":"https:\/\/site.bistec.com.br\/relojoaria\/#\/schema\/logo\/image\/","url":"https:\/\/site.bistec.com.br\/relojoaria\/wp-content\/uploads\/2025\/01\/logo-bistec-joias-preto-sem-fundo.png","contentUrl":"https:\/\/site.bistec.com.br\/relojoaria\/wp-content\/uploads\/2025\/01\/logo-bistec-joias-preto-sem-fundo.png","width":1048,"height":418,"caption":"Bistec Joias e relojoaria"},"image":{"@id":"https:\/\/site.bistec.com.br\/relojoaria\/#\/schema\/logo\/image\/"}}]}},"_links":{"self":[{"href":"https:\/\/site.bistec.com.br\/relojoaria\/wp-json\/wp\/v2\/product\/529","targetHints":{"allow":["GET"]}}],"collection":[{"href":"https:\/\/site.bistec.com.br\/relojoaria\/wp-json\/wp\/v2\/product"}],"about":[{"href":"https:\/\/site.bistec.com.br\/relojoaria\/wp-json\/wp\/v2\/types\/product"}],"replies":[{"embeddable":true,"href":"https:\/\/site.bistec.com.br\/relojoaria\/wp-json\/wp\/v2\/comments?post=529"}],"wp:featuredmedia":[{"embeddable":true,"href":"https:\/\/site.bistec.com.br\/relojoaria\/wp-json\/wp\/v2\/media\/533"}],"wp:attachment":[{"href":"https:\/\/site.bistec.com.br\/relojoaria\/wp-json\/wp\/v2\/media?parent=529"}],"wp:term":[{"taxonomy":"product_brand","embeddable":true,"href":"https:\/\/site.bistec.com.br\/relojoaria\/wp-json\/wp\/v2\/product_brand?post=529"},{"taxonomy":"product_cat","embeddable":true,"href":"https:\/\/site.bistec.com.br\/relojoaria\/wp-json\/wp\/v2\/product_cat?post=529"},{"taxonomy":"product_tag","embeddable":true,"href":"https:\/\/site.bistec.com.br\/relojoaria\/wp-json\/wp\/v2\/product_tag?post=529"}],"curies":[{"name":"wp","href":"https:\/\/api.w.org\/{rel}","templated":true}]}}