{"id":90,"date":"2024-08-09T21:40:34","date_gmt":"2024-08-09T20:40:34","guid":{"rendered":"https:\/\/site.bistec.com.pt\/motor\/?post_type=product&#038;p=90"},"modified":"2024-08-16T17:41:41","modified_gmt":"2024-08-16T16:41:41","slug":"toyota-corolla","status":"publish","type":"product","link":"https:\/\/site.bistec.com.br\/motor\/produto\/toyota-corolla\/","title":{"rendered":"Toyota Corolla"},"content":{"rendered":"<h3><strong>Informa\u00e7\u00f5es do Ve\u00edculo:<\/strong><\/h3>\n<p>Farol de neblina, Bluetooth, C\u00e2mera de R\u00e9, Comando de Som no Volante, Entrada USB, Dire\u00e7\u00e3o El\u00e9trica, C\u00e2mbio Borboleta, Banco com ajuste el\u00e9trico, Acendimento autom\u00e1tico dos far\u00f3is, Android Auto, Apple CarPlay, Fixa\u00e7\u00e3o cadeira para crian\u00e7a, Alerta de Colis\u00e3o Frontal, Alerta de Sa\u00edda de Faixa, Controle de Estabilidade, Integra\u00e7\u00e3o com SmartPhones, Para choques Pintados Cor do Ve\u00edculo, Chave Reserva, Chave com sensor aproxima\u00e7\u00e3o.<\/p>\n<h3><strong>Itens do Ve\u00edculo:<\/strong><\/h3>\n<p>Airbag<br \/>\nAlarme<br \/>\nBanco com regulagem de altura<br \/>\nComputador de bordo<br \/>\nDesemba\u00e7ador traseiro<br \/>\nAr condicionado<br \/>\nEncosto de cabe\u00e7a traseiro<br \/>\nFreio ABS<br \/>\nControle autom\u00e1tico de velocidade<br \/>\nBancos em couro<br \/>\nGPS<\/p>\n","protected":false},"excerpt":{"rendered":"<p><span style=\"color: #58a4b0;\"><strong>1.8 VVT-I HYBRID FLEX ALTIS PREMIUM CVT<\/strong><\/span><\/p>\n<p><strong>Ano<\/strong><br \/>\n2023\/2024<\/p>\n<p><strong>KM<\/strong><br \/>\n130<\/p>\n<p><strong>C\u00e2mbio<\/strong><br \/>\nAutom\u00e1tico<\/p>\n<p><strong>Carroceria<\/strong><br \/>\nSed\u00e3<\/p>\n<p><strong>Combust\u00edvel<\/strong><br \/>\nGasolina, \u00c1lcool e El\u00e9trico<\/p>\n","protected":false},"featured_media":92,"comment_status":"closed","ping_status":"closed","template":"","meta":[],"product_brand":[],"product_cat":[15,19],"product_tag":[],"class_list":{"0":"post-90","1":"product","2":"type-product","3":"status-publish","4":"has-post-thumbnail","6":"product_cat-veiculos-semi-novos","7":"product_cat-veiculos-nacionais","9":"first","10":"instock","11":"shipping-taxable","12":"purchasable","13":"product-type-simple"},"yoast_head":"<!-- This site is optimized with the Yoast SEO plugin v26.4 - https:\/\/yoast.com\/wordpress\/plugins\/seo\/ -->\n<title>Toyota Corolla - Site modelo Bistec para Motors<\/title>\n<meta name=\"robots\" content=\"index, follow, max-snippet:-1, max-image-preview:large, max-video-preview:-1\" \/>\n<link rel=\"canonical\" href=\"https:\/\/site.bistec.com.br\/motor\/produto\/toyota-corolla\/\" \/>\n<meta property=\"og:locale\" content=\"pt_PT\" \/>\n<meta property=\"og:type\" content=\"article\" \/>\n<meta property=\"og:title\" content=\"Toyota Corolla - Site modelo Bistec para Motors\" \/>\n<meta property=\"og:description\" content=\"1.8 VVT-I HYBRID FLEX ALTIS PREMIUM CVT  Ano 2023\/2024  KM 130  C\u00e2mbio Autom\u00e1tico  Carroceria Sed\u00e3  Combust\u00edvel Gasolina, \u00c1lcool e El\u00e9trico\" \/>\n<meta property=\"og:url\" content=\"https:\/\/site.bistec.com.br\/motor\/produto\/toyota-corolla\/\" \/>\n<meta property=\"og:site_name\" content=\"Site modelo Bistec para Motors\" \/>\n<meta property=\"article:modified_time\" content=\"2024-08-16T16:41:41+00:00\" \/>\n<meta property=\"og:image\" content=\"https:\/\/site.bistec.com.br\/motor\/wp-content\/uploads\/2024\/08\/toyota-corolla-1.8-vvti-hybrid-flex-altis-premium-cvt-wmimagem14071078565.jpg\" \/>\n\t<meta property=\"og:image:width\" content=\"552\" \/>\n\t<meta property=\"og:image:height\" content=\"414\" \/>\n\t<meta property=\"og:image:type\" content=\"image\/jpeg\" \/>\n<meta name=\"twitter:card\" content=\"summary_large_image\" \/>\n<meta name=\"twitter:label1\" content=\"Tempo estimado de leitura\" \/>\n\t<meta name=\"twitter:data1\" content=\"1 minuto\" \/>\n<script type=\"application\/ld+json\" class=\"yoast-schema-graph\">{\"@context\":\"https:\/\/schema.org\",\"@graph\":[{\"@type\":\"WebPage\",\"@id\":\"https:\/\/site.bistec.com.br\/motor\/produto\/toyota-corolla\/\",\"url\":\"https:\/\/site.bistec.com.br\/motor\/produto\/toyota-corolla\/\",\"name\":\"Toyota Corolla - Site modelo Bistec para Motors\",\"isPartOf\":{\"@id\":\"https:\/\/site.bistec.com.br\/motor\/#website\"},\"primaryImageOfPage\":{\"@id\":\"https:\/\/site.bistec.com.br\/motor\/produto\/toyota-corolla\/#primaryimage\"},\"image\":{\"@id\":\"https:\/\/site.bistec.com.br\/motor\/produto\/toyota-corolla\/#primaryimage\"},\"thumbnailUrl\":\"https:\/\/site.bistec.com.br\/motor\/wp-content\/uploads\/2024\/08\/toyota-corolla-1.8-vvti-hybrid-flex-altis-premium-cvt-wmimagem14071078565.jpg\",\"datePublished\":\"2024-08-09T20:40:34+00:00\",\"dateModified\":\"2024-08-16T16:41:41+00:00\",\"breadcrumb\":{\"@id\":\"https:\/\/site.bistec.com.br\/motor\/produto\/toyota-corolla\/#breadcrumb\"},\"inLanguage\":\"pt-PT\",\"potentialAction\":[{\"@type\":\"ReadAction\",\"target\":[\"https:\/\/site.bistec.com.br\/motor\/produto\/toyota-corolla\/\"]}]},{\"@type\":\"ImageObject\",\"inLanguage\":\"pt-PT\",\"@id\":\"https:\/\/site.bistec.com.br\/motor\/produto\/toyota-corolla\/#primaryimage\",\"url\":\"https:\/\/site.bistec.com.br\/motor\/wp-content\/uploads\/2024\/08\/toyota-corolla-1.8-vvti-hybrid-flex-altis-premium-cvt-wmimagem14071078565.jpg\",\"contentUrl\":\"https:\/\/site.bistec.com.br\/motor\/wp-content\/uploads\/2024\/08\/toyota-corolla-1.8-vvti-hybrid-flex-altis-premium-cvt-wmimagem14071078565.jpg\",\"width\":552,\"height\":414},{\"@type\":\"BreadcrumbList\",\"@id\":\"https:\/\/site.bistec.com.br\/motor\/produto\/toyota-corolla\/#breadcrumb\",\"itemListElement\":[{\"@type\":\"ListItem\",\"position\":1,\"name\":\"In\u00edcio\",\"item\":\"https:\/\/site.bistec.com.br\/motor\/\"},{\"@type\":\"ListItem\",\"position\":2,\"name\":\"Estoque\",\"item\":\"https:\/\/site.bistec.com.br\/motor\/estoque\/\"},{\"@type\":\"ListItem\",\"position\":3,\"name\":\"Toyota Corolla\"}]},{\"@type\":\"WebSite\",\"@id\":\"https:\/\/site.bistec.com.br\/motor\/#website\",\"url\":\"https:\/\/site.bistec.com.br\/motor\/\",\"name\":\"Bistec Motors - Site Modelo\",\"description\":\"Loja modelo Automotivo\",\"publisher\":{\"@id\":\"https:\/\/site.bistec.com.br\/motor\/#organization\"},\"potentialAction\":[{\"@type\":\"SearchAction\",\"target\":{\"@type\":\"EntryPoint\",\"urlTemplate\":\"https:\/\/site.bistec.com.br\/motor\/?s={search_term_string}\"},\"query-input\":{\"@type\":\"PropertyValueSpecification\",\"valueRequired\":true,\"valueName\":\"search_term_string\"}}],\"inLanguage\":\"pt-PT\"},{\"@type\":\"Organization\",\"@id\":\"https:\/\/site.bistec.com.br\/motor\/#organization\",\"name\":\"Bistec\",\"url\":\"https:\/\/site.bistec.com.br\/motor\/\",\"logo\":{\"@type\":\"ImageObject\",\"inLanguage\":\"pt-PT\",\"@id\":\"https:\/\/site.bistec.com.br\/motor\/#\/schema\/logo\/image\/\",\"url\":\"https:\/\/site.bistec.com.br\/motor\/wp-content\/uploads\/2024\/08\/Logotipo-Extenso.png\",\"contentUrl\":\"https:\/\/site.bistec.com.br\/motor\/wp-content\/uploads\/2024\/08\/Logotipo-Extenso.png\",\"width\":1073,\"height\":565,\"caption\":\"Bistec\"},\"image\":{\"@id\":\"https:\/\/site.bistec.com.br\/motor\/#\/schema\/logo\/image\/\"}}]}<\/script>\n<!-- \/ Yoast SEO plugin. -->","yoast_head_json":{"title":"Toyota Corolla - Site modelo Bistec para Motors","robots":{"index":"index","follow":"follow","max-snippet":"max-snippet:-1","max-image-preview":"max-image-preview:large","max-video-preview":"max-video-preview:-1"},"canonical":"https:\/\/site.bistec.com.br\/motor\/produto\/toyota-corolla\/","og_locale":"pt_PT","og_type":"article","og_title":"Toyota Corolla - Site modelo Bistec para Motors","og_description":"1.8 VVT-I HYBRID FLEX ALTIS PREMIUM CVT  Ano 2023\/2024  KM 130  C\u00e2mbio Autom\u00e1tico  Carroceria Sed\u00e3  Combust\u00edvel Gasolina, \u00c1lcool e El\u00e9trico","og_url":"https:\/\/site.bistec.com.br\/motor\/produto\/toyota-corolla\/","og_site_name":"Site modelo Bistec para Motors","article_modified_time":"2024-08-16T16:41:41+00:00","og_image":[{"width":552,"height":414,"url":"https:\/\/site.bistec.com.br\/motor\/wp-content\/uploads\/2024\/08\/toyota-corolla-1.8-vvti-hybrid-flex-altis-premium-cvt-wmimagem14071078565.jpg","type":"image\/jpeg"}],"twitter_card":"summary_large_image","twitter_misc":{"Tempo estimado de leitura":"1 minuto"},"schema":{"@context":"https:\/\/schema.org","@graph":[{"@type":"WebPage","@id":"https:\/\/site.bistec.com.br\/motor\/produto\/toyota-corolla\/","url":"https:\/\/site.bistec.com.br\/motor\/produto\/toyota-corolla\/","name":"Toyota Corolla - Site modelo Bistec para Motors","isPartOf":{"@id":"https:\/\/site.bistec.com.br\/motor\/#website"},"primaryImageOfPage":{"@id":"https:\/\/site.bistec.com.br\/motor\/produto\/toyota-corolla\/#primaryimage"},"image":{"@id":"https:\/\/site.bistec.com.br\/motor\/produto\/toyota-corolla\/#primaryimage"},"thumbnailUrl":"https:\/\/site.bistec.com.br\/motor\/wp-content\/uploads\/2024\/08\/toyota-corolla-1.8-vvti-hybrid-flex-altis-premium-cvt-wmimagem14071078565.jpg","datePublished":"2024-08-09T20:40:34+00:00","dateModified":"2024-08-16T16:41:41+00:00","breadcrumb":{"@id":"https:\/\/site.bistec.com.br\/motor\/produto\/toyota-corolla\/#breadcrumb"},"inLanguage":"pt-PT","potentialAction":[{"@type":"ReadAction","target":["https:\/\/site.bistec.com.br\/motor\/produto\/toyota-corolla\/"]}]},{"@type":"ImageObject","inLanguage":"pt-PT","@id":"https:\/\/site.bistec.com.br\/motor\/produto\/toyota-corolla\/#primaryimage","url":"https:\/\/site.bistec.com.br\/motor\/wp-content\/uploads\/2024\/08\/toyota-corolla-1.8-vvti-hybrid-flex-altis-premium-cvt-wmimagem14071078565.jpg","contentUrl":"https:\/\/site.bistec.com.br\/motor\/wp-content\/uploads\/2024\/08\/toyota-corolla-1.8-vvti-hybrid-flex-altis-premium-cvt-wmimagem14071078565.jpg","width":552,"height":414},{"@type":"BreadcrumbList","@id":"https:\/\/site.bistec.com.br\/motor\/produto\/toyota-corolla\/#breadcrumb","itemListElement":[{"@type":"ListItem","position":1,"name":"In\u00edcio","item":"https:\/\/site.bistec.com.br\/motor\/"},{"@type":"ListItem","position":2,"name":"Estoque","item":"https:\/\/site.bistec.com.br\/motor\/estoque\/"},{"@type":"ListItem","position":3,"name":"Toyota Corolla"}]},{"@type":"WebSite","@id":"https:\/\/site.bistec.com.br\/motor\/#website","url":"https:\/\/site.bistec.com.br\/motor\/","name":"Bistec Motors - Site Modelo","description":"Loja modelo Automotivo","publisher":{"@id":"https:\/\/site.bistec.com.br\/motor\/#organization"},"potentialAction":[{"@type":"SearchAction","target":{"@type":"EntryPoint","urlTemplate":"https:\/\/site.bistec.com.br\/motor\/?s={search_term_string}"},"query-input":{"@type":"PropertyValueSpecification","valueRequired":true,"valueName":"search_term_string"}}],"inLanguage":"pt-PT"},{"@type":"Organization","@id":"https:\/\/site.bistec.com.br\/motor\/#organization","name":"Bistec","url":"https:\/\/site.bistec.com.br\/motor\/","logo":{"@type":"ImageObject","inLanguage":"pt-PT","@id":"https:\/\/site.bistec.com.br\/motor\/#\/schema\/logo\/image\/","url":"https:\/\/site.bistec.com.br\/motor\/wp-content\/uploads\/2024\/08\/Logotipo-Extenso.png","contentUrl":"https:\/\/site.bistec.com.br\/motor\/wp-content\/uploads\/2024\/08\/Logotipo-Extenso.png","width":1073,"height":565,"caption":"Bistec"},"image":{"@id":"https:\/\/site.bistec.com.br\/motor\/#\/schema\/logo\/image\/"}}]}},"_links":{"self":[{"href":"https:\/\/site.bistec.com.br\/motor\/wp-json\/wp\/v2\/product\/90","targetHints":{"allow":["GET"]}}],"collection":[{"href":"https:\/\/site.bistec.com.br\/motor\/wp-json\/wp\/v2\/product"}],"about":[{"href":"https:\/\/site.bistec.com.br\/motor\/wp-json\/wp\/v2\/types\/product"}],"replies":[{"embeddable":true,"href":"https:\/\/site.bistec.com.br\/motor\/wp-json\/wp\/v2\/comments?post=90"}],"wp:featuredmedia":[{"embeddable":true,"href":"https:\/\/site.bistec.com.br\/motor\/wp-json\/wp\/v2\/media\/92"}],"wp:attachment":[{"href":"https:\/\/site.bistec.com.br\/motor\/wp-json\/wp\/v2\/media?parent=90"}],"wp:term":[{"taxonomy":"product_brand","embeddable":true,"href":"https:\/\/site.bistec.com.br\/motor\/wp-json\/wp\/v2\/product_brand?post=90"},{"taxonomy":"product_cat","embeddable":true,"href":"https:\/\/site.bistec.com.br\/motor\/wp-json\/wp\/v2\/product_cat?post=90"},{"taxonomy":"product_tag","embeddable":true,"href":"https:\/\/site.bistec.com.br\/motor\/wp-json\/wp\/v2\/product_tag?post=90"}],"curies":[{"name":"wp","href":"https:\/\/api.w.org\/{rel}","templated":true}]}}